{"id":364,"date":"2023-10-26T21:19:53","date_gmt":"2023-10-26T21:19:53","guid":{"rendered":"https:\/\/ofertalia.infohispania.com\/?page_id=364"},"modified":"2023-10-26T21:22:55","modified_gmt":"2023-10-26T21:22:55","slug":"mirilla-digital-para-puerta","status":"publish","type":"page","link":"https:\/\/ofertalia.infohispania.com\/index.php\/mirilla-digital-para-puerta\/","title":{"rendered":"Mirilla digital para puerta"},"content":{"rendered":"\n<p>Hoy te traemos la Mirilla digital para puerta, un aparatito que ha llegado para actualizar tu vieja mirilla con la necesidad de pegar el ojo a la puerta. La mirilla digital es un plus en seguridad para tu casa a\u00f1adiendo, adem\u00e1s, comodidad y muchas m\u00e1s funciones.<\/p>\n\n\n\n<figure class=\"wp-block-image aligncenter size-full is-resized\"><a href=\"https:\/\/amzn.to\/47aATAJ\" target=\"_blank\" rel=\"noreferrer noopener\"><img loading=\"lazy\" decoding=\"async\" width=\"1000\" height=\"968\" src=\"https:\/\/ofertalia.infohispania.com\/wp-content\/uploads\/2023\/10\/image.png\" alt=\"Mirilla digital puerta Wifi\" class=\"wp-image-365\" style=\"aspect-ratio:1.0330578512396693;width:618px;height:auto\" srcset=\"https:\/\/ofertalia.infohispania.com\/wp-content\/uploads\/2023\/10\/image.png 1000w, https:\/\/ofertalia.infohispania.com\/wp-content\/uploads\/2023\/10\/image-300x290.png 300w, https:\/\/ofertalia.infohispania.com\/wp-content\/uploads\/2023\/10\/image-768x743.png 768w\" sizes=\"auto, (max-width: 1000px) 100vw, 1000px\" \/><\/a><\/figure>\n\n\n\n<h2 class=\"wp-block-heading\">Que es una Mirilla digital para puerta<\/h2>\n\n\n\n<p>Una mirilla digital es un&nbsp;<strong>dispositivo electr\u00f3nico&nbsp;<\/strong>que, en lugar de la mirilla convencional (la lente de toda lavida ojo de pez),&nbsp;<strong>tiene una peque\u00f1a c\u00e1mara y una pantalla LCD<\/strong>. As\u00ed, en vez de pegar el ojo al visor para ver qu\u00e9 hay al otro lado de la puerta, s\u00f3lo hay que mirar la imagen que aparece en la pantalla. Adem\u00e1s, si esta es Wifi, podr\u00e1s acceder desde tu tel\u00e9fono m\u00f3vil, est\u00e9s o no est\u00e9s en casa e interactuar con quien llama a la puerta. <\/p>\n\n\n\n<p>Pero hay m\u00e1s, tambi\u00e9n tienes la gran opci\u00f3n de grabar a quien llama o hacer una fotograf\u00eda por si ves alguna actuaci\u00f3n extra\u00f1a, pudiendo, adem\u00e1s ser esta opci\u00f3n autom\u00e1tica cuando alguien se pone delante de la puerta gracias a su sensor. Y para rizar el rizo, muchas de ellas tiene visi\u00f3n nocturna.<\/p>\n\n\n\n<p>Poseen tambi\u00e9n una ranura para una tarjeta microSD para poder guardar los videos y las fotograf\u00edas.<\/p>\n\n\n\n<figure class=\"wp-block-image aligncenter size-full is-resized\"><a href=\"https:\/\/amzn.to\/40cpyxw\" target=\"_blank\" rel=\"noreferrer noopener\"><img loading=\"lazy\" decoding=\"async\" width=\"1025\" height=\"612\" src=\"https:\/\/ofertalia.infohispania.com\/wp-content\/uploads\/2023\/10\/image-1.png\" alt=\"Mirilla digital para puerta\" class=\"wp-image-366\" style=\"aspect-ratio:1.6748366013071896;width:596px;height:auto\" srcset=\"https:\/\/ofertalia.infohispania.com\/wp-content\/uploads\/2023\/10\/image-1.png 1025w, https:\/\/ofertalia.infohispania.com\/wp-content\/uploads\/2023\/10\/image-1-300x179.png 300w, https:\/\/ofertalia.infohispania.com\/wp-content\/uploads\/2023\/10\/image-1-768x459.png 768w\" sizes=\"auto, (max-width: 1025px) 100vw, 1025px\" \/><\/a><\/figure>\n\n\n\n<h2 class=\"wp-block-heading\">En resumen<\/h2>\n\n\n\n<p>Tenemos una Mirilla digital para puerta que puede grabar quien se pone delante de la puerta, que puedes interactuar desde tu tel\u00e9fono m\u00f3vil, incluso hacer un v\u00eddeo o una fotograf\u00eda desde tu smartphone, que tiene visi\u00f3n nocturna  para cuando no tienes luz, que puedes incluso camuflar tu voz, C\u00f3modo y con mucho detalle gracias a su pantalla LCD, que m\u00e1s puedes pedir \u00bfque no sea caro? pues tendr\u00e1s una amplia gama de precios que se ajustar\u00e1n a tus necesidades. <\/p>\n\n\n\n<p>Y lo mejor de todo, puedes instalarla tu mismo, sin obras tan solo quitas tu antigua mirilla y en el mismo agujero se adaptar\u00e1 la mirilla digital Wifi.<\/p>\n\n\n\n<figure class=\"wp-block-image aligncenter size-large is-resized\"><a href=\"https:\/\/amzn.to\/40bzd7y\" target=\"_blank\" rel=\"noreferrer noopener\"><img loading=\"lazy\" decoding=\"async\" width=\"1024\" height=\"1024\" src=\"https:\/\/ofertalia.infohispania.com\/wp-content\/uploads\/2023\/10\/image-2-1024x1024.png\" alt=\"Mirilla digital para puerta\" class=\"wp-image-367\" style=\"aspect-ratio:1;width:644px;height:auto\" srcset=\"https:\/\/ofertalia.infohispania.com\/wp-content\/uploads\/2023\/10\/image-2-1024x1024.png 1024w, https:\/\/ofertalia.infohispania.com\/wp-content\/uploads\/2023\/10\/image-2-300x300.png 300w, https:\/\/ofertalia.infohispania.com\/wp-content\/uploads\/2023\/10\/image-2-150x150.png 150w, https:\/\/ofertalia.infohispania.com\/wp-content\/uploads\/2023\/10\/image-2-768x768.png 768w, https:\/\/ofertalia.infohispania.com\/wp-content\/uploads\/2023\/10\/image-2-1320x1320.png 1320w, https:\/\/ofertalia.infohispania.com\/wp-content\/uploads\/2023\/10\/image-2.png 1500w\" sizes=\"auto, (max-width: 1024px) 100vw, 1024px\" \/><\/a><\/figure>\n\n\n\n<h2 class=\"wp-block-heading\">Mirilla digital para puerta \u00bfes legal?<\/h2>\n\n\n\n<p>Uno puede pensar si con todo esto un aparato de estas condiciones es legal, la respuesta <strong>es si es legal<\/strong>. Y es as\u00ed porque se rige con las mismas leyes de los porteros y video porteros. La \u00fanico que no es legal, pero esto pasa tambi\u00e9n con tu m\u00f3vil, que las im\u00e1genes que captures no puedes difundirlas, algo totalmente l\u00f3gico, no podr\u00e1s usarlas en redes ni publicidad, tan s\u00f3lo para uso particular o ante la autoridad. Estas mirillas est\u00e1n enmarcadas en la esfera personal o dom\u00e9stica, por tanto, no es necesario el permiso de la comunidad de vecinos<\/p>\n\n\n\n<h2 class=\"wp-block-heading\">\u00bfDonde la compro?<\/h2>\n\n\n\n<p>En esta p\u00e1gina web te estamos recomendando la compra en Amazon, por sus entregas r\u00e1pidas y su garant\u00eda de protecci\u00f3n al consumidor excepcional.<\/p>\n\n\n\n<p>As\u00ed que aqu\u00ed abajo te dejamos algunos ejemplos si te animas a dar m\u00e1s seguridad y comodidad a tu casa<\/p>\n\n\n\n\n\n\n<div class=\"wp-block-buttons is-layout-flex wp-block-buttons-is-layout-flex\">\n<div class=\"wp-block-button has-custom-width wp-block-button__width-100\"><a class=\"wp-block-button__link wp-element-button\" href=\"https:\/\/ofertalia.infohispania.com\">Ir al inicio<\/a><\/div>\n<\/div>\n","protected":false},"excerpt":{"rendered":"<p>Hoy te traemos la Mirilla digital para puerta, un aparatito que ha llegado para actualizar&#8230;<\/p>\n","protected":false},"author":1,"featured_media":366,"parent":0,"menu_order":0,"comment_status":"closed","ping_status":"closed","template":"","meta":{"advgb_blocks_editor_width":"","advgb_blocks_columns_visual_guide":"","footnotes":""},"class_list":["post-364","page","type-page","status-publish","has-post-thumbnail","hentry"],"yoast_head":"<!-- This site is optimized with the Yoast SEO plugin v27.0 - https:\/\/yoast.com\/product\/yoast-seo-wordpress\/ -->\n<title>Mirilla digital para puerta - Ofertalia<\/title>\n<meta name=\"description\" content=\"Mirilla digital para puerta Wifi. Da m\u00e1s seguridad a tu hogar y m\u00e1s comodidad, atiende y vigila tu puerta desde cualquier parte del munco\" \/>\n<meta name=\"robots\" content=\"index, follow, max-snippet:-1, max-image-preview:large, max-video-preview:-1\" \/>\n<link rel=\"canonical\" href=\"https:\/\/ofertalia.infohispania.com\/index.php\/mirilla-digital-para-puerta\/\" \/>\n<meta property=\"og:locale\" content=\"es_ES\" \/>\n<meta property=\"og:type\" content=\"article\" \/>\n<meta property=\"og:title\" content=\"Mirilla digital para puerta - Ofertalia\" \/>\n<meta property=\"og:description\" content=\"Mirilla digital para puerta Wifi. Da m\u00e1s seguridad a tu hogar y m\u00e1s comodidad, atiende y vigila tu puerta desde cualquier parte del munco\" \/>\n<meta property=\"og:url\" content=\"https:\/\/ofertalia.infohispania.com\/index.php\/mirilla-digital-para-puerta\/\" \/>\n<meta property=\"og:site_name\" content=\"Ofertalia\" \/>\n<meta property=\"article:modified_time\" content=\"2023-10-26T21:22:55+00:00\" \/>\n<meta property=\"og:image\" content=\"https:\/\/ofertalia.infohispania.com\/wp-content\/uploads\/2023\/10\/image-1.png\" \/>\n\t<meta property=\"og:image:width\" content=\"1025\" \/>\n\t<meta property=\"og:image:height\" content=\"612\" \/>\n\t<meta property=\"og:image:type\" content=\"image\/png\" \/>\n<meta name=\"twitter:card\" content=\"summary_large_image\" \/>\n<meta name=\"twitter:label1\" content=\"Tiempo de lectura\" \/>\n\t<meta name=\"twitter:data1\" content=\"3 minutos\" \/>\n<script type=\"application\/ld+json\" class=\"yoast-schema-graph\">{\"@context\":\"https:\/\/schema.org\",\"@graph\":[{\"@type\":\"WebPage\",\"@id\":\"https:\/\/ofertalia.infohispania.com\/index.php\/mirilla-digital-para-puerta\/\",\"url\":\"https:\/\/ofertalia.infohispania.com\/index.php\/mirilla-digital-para-puerta\/\",\"name\":\"Mirilla digital para puerta - Ofertalia\",\"isPartOf\":{\"@id\":\"https:\/\/ofertalia.infohispania.com\/#website\"},\"primaryImageOfPage\":{\"@id\":\"https:\/\/ofertalia.infohispania.com\/index.php\/mirilla-digital-para-puerta\/#primaryimage\"},\"image\":{\"@id\":\"https:\/\/ofertalia.infohispania.com\/index.php\/mirilla-digital-para-puerta\/#primaryimage\"},\"thumbnailUrl\":\"https:\/\/ofertalia.infohispania.com\/wp-content\/uploads\/2023\/10\/image-1.png\",\"datePublished\":\"2023-10-26T21:19:53+00:00\",\"dateModified\":\"2023-10-26T21:22:55+00:00\",\"description\":\"Mirilla digital para puerta Wifi. Da m\u00e1s seguridad a tu hogar y m\u00e1s comodidad, atiende y vigila tu puerta desde cualquier parte del munco\",\"breadcrumb\":{\"@id\":\"https:\/\/ofertalia.infohispania.com\/index.php\/mirilla-digital-para-puerta\/#breadcrumb\"},\"inLanguage\":\"es\",\"potentialAction\":[{\"@type\":\"ReadAction\",\"target\":[\"https:\/\/ofertalia.infohispania.com\/index.php\/mirilla-digital-para-puerta\/\"]}]},{\"@type\":\"ImageObject\",\"inLanguage\":\"es\",\"@id\":\"https:\/\/ofertalia.infohispania.com\/index.php\/mirilla-digital-para-puerta\/#primaryimage\",\"url\":\"https:\/\/ofertalia.infohispania.com\/wp-content\/uploads\/2023\/10\/image-1.png\",\"contentUrl\":\"https:\/\/ofertalia.infohispania.com\/wp-content\/uploads\/2023\/10\/image-1.png\",\"width\":1025,\"height\":612},{\"@type\":\"BreadcrumbList\",\"@id\":\"https:\/\/ofertalia.infohispania.com\/index.php\/mirilla-digital-para-puerta\/#breadcrumb\",\"itemListElement\":[{\"@type\":\"ListItem\",\"position\":1,\"name\":\"Portada\",\"item\":\"https:\/\/ofertalia.infohispania.com\/\"},{\"@type\":\"ListItem\",\"position\":2,\"name\":\"Mirilla digital para puerta\"}]},{\"@type\":\"WebSite\",\"@id\":\"https:\/\/ofertalia.infohispania.com\/#website\",\"url\":\"https:\/\/ofertalia.infohispania.com\/\",\"name\":\"Ofertalia\",\"description\":\"tus mejores ofertas\",\"potentialAction\":[{\"@type\":\"SearchAction\",\"target\":{\"@type\":\"EntryPoint\",\"urlTemplate\":\"https:\/\/ofertalia.infohispania.com\/?s={search_term_string}\"},\"query-input\":{\"@type\":\"PropertyValueSpecification\",\"valueRequired\":true,\"valueName\":\"search_term_string\"}}],\"inLanguage\":\"es\"}]}<\/script>\n<!-- \/ Yoast SEO plugin. -->","yoast_head_json":{"title":"Mirilla digital para puerta - Ofertalia","description":"Mirilla digital para puerta Wifi. Da m\u00e1s seguridad a tu hogar y m\u00e1s comodidad, atiende y vigila tu puerta desde cualquier parte del munco","robots":{"index":"index","follow":"follow","max-snippet":"max-snippet:-1","max-image-preview":"max-image-preview:large","max-video-preview":"max-video-preview:-1"},"canonical":"https:\/\/ofertalia.infohispania.com\/index.php\/mirilla-digital-para-puerta\/","og_locale":"es_ES","og_type":"article","og_title":"Mirilla digital para puerta - Ofertalia","og_description":"Mirilla digital para puerta Wifi. Da m\u00e1s seguridad a tu hogar y m\u00e1s comodidad, atiende y vigila tu puerta desde cualquier parte del munco","og_url":"https:\/\/ofertalia.infohispania.com\/index.php\/mirilla-digital-para-puerta\/","og_site_name":"Ofertalia","article_modified_time":"2023-10-26T21:22:55+00:00","og_image":[{"width":1025,"height":612,"url":"https:\/\/ofertalia.infohispania.com\/wp-content\/uploads\/2023\/10\/image-1.png","type":"image\/png"}],"twitter_card":"summary_large_image","twitter_misc":{"Tiempo de lectura":"3 minutos"},"schema":{"@context":"https:\/\/schema.org","@graph":[{"@type":"WebPage","@id":"https:\/\/ofertalia.infohispania.com\/index.php\/mirilla-digital-para-puerta\/","url":"https:\/\/ofertalia.infohispania.com\/index.php\/mirilla-digital-para-puerta\/","name":"Mirilla digital para puerta - Ofertalia","isPartOf":{"@id":"https:\/\/ofertalia.infohispania.com\/#website"},"primaryImageOfPage":{"@id":"https:\/\/ofertalia.infohispania.com\/index.php\/mirilla-digital-para-puerta\/#primaryimage"},"image":{"@id":"https:\/\/ofertalia.infohispania.com\/index.php\/mirilla-digital-para-puerta\/#primaryimage"},"thumbnailUrl":"https:\/\/ofertalia.infohispania.com\/wp-content\/uploads\/2023\/10\/image-1.png","datePublished":"2023-10-26T21:19:53+00:00","dateModified":"2023-10-26T21:22:55+00:00","description":"Mirilla digital para puerta Wifi. Da m\u00e1s seguridad a tu hogar y m\u00e1s comodidad, atiende y vigila tu puerta desde cualquier parte del munco","breadcrumb":{"@id":"https:\/\/ofertalia.infohispania.com\/index.php\/mirilla-digital-para-puerta\/#breadcrumb"},"inLanguage":"es","potentialAction":[{"@type":"ReadAction","target":["https:\/\/ofertalia.infohispania.com\/index.php\/mirilla-digital-para-puerta\/"]}]},{"@type":"ImageObject","inLanguage":"es","@id":"https:\/\/ofertalia.infohispania.com\/index.php\/mirilla-digital-para-puerta\/#primaryimage","url":"https:\/\/ofertalia.infohispania.com\/wp-content\/uploads\/2023\/10\/image-1.png","contentUrl":"https:\/\/ofertalia.infohispania.com\/wp-content\/uploads\/2023\/10\/image-1.png","width":1025,"height":612},{"@type":"BreadcrumbList","@id":"https:\/\/ofertalia.infohispania.com\/index.php\/mirilla-digital-para-puerta\/#breadcrumb","itemListElement":[{"@type":"ListItem","position":1,"name":"Portada","item":"https:\/\/ofertalia.infohispania.com\/"},{"@type":"ListItem","position":2,"name":"Mirilla digital para puerta"}]},{"@type":"WebSite","@id":"https:\/\/ofertalia.infohispania.com\/#website","url":"https:\/\/ofertalia.infohispania.com\/","name":"Ofertalia","description":"tus mejores ofertas","potentialAction":[{"@type":"SearchAction","target":{"@type":"EntryPoint","urlTemplate":"https:\/\/ofertalia.infohispania.com\/?s={search_term_string}"},"query-input":{"@type":"PropertyValueSpecification","valueRequired":true,"valueName":"search_term_string"}}],"inLanguage":"es"}]}},"coauthors":[],"author_meta":{"author_link":"https:\/\/ofertalia.infohispania.com\/index.php\/author\/pedromo\/","display_name":"admin"},"relative_dates":{"created":"Publicado 2 a\u00f1os hace","modified":"Actualizado 2 a\u00f1os hace"},"absolute_dates":{"created":"Publicado el octubre 26, 2023","modified":"Actualizado el octubre 26, 2023"},"absolute_dates_time":{"created":"Publicado el octubre 26, 2023 9:19 pm","modified":"Actualizado el octubre 26, 2023 9:22 pm"},"featured_img_caption":"","featured_img":"https:\/\/ofertalia.infohispania.com\/wp-content\/uploads\/2023\/10\/image-1.png","series_order":"","_links":{"self":[{"href":"https:\/\/ofertalia.infohispania.com\/index.php\/wp-json\/wp\/v2\/pages\/364","targetHints":{"allow":["GET"]}}],"collection":[{"href":"https:\/\/ofertalia.infohispania.com\/index.php\/wp-json\/wp\/v2\/pages"}],"about":[{"href":"https:\/\/ofertalia.infohispania.com\/index.php\/wp-json\/wp\/v2\/types\/page"}],"author":[{"embeddable":true,"href":"https:\/\/ofertalia.infohispania.com\/index.php\/wp-json\/wp\/v2\/users\/1"}],"replies":[{"embeddable":true,"href":"https:\/\/ofertalia.infohispania.com\/index.php\/wp-json\/wp\/v2\/comments?post=364"}],"version-history":[{"count":4,"href":"https:\/\/ofertalia.infohispania.com\/index.php\/wp-json\/wp\/v2\/pages\/364\/revisions"}],"predecessor-version":[{"id":372,"href":"https:\/\/ofertalia.infohispania.com\/index.php\/wp-json\/wp\/v2\/pages\/364\/revisions\/372"}],"wp:featuredmedia":[{"embeddable":true,"href":"https:\/\/ofertalia.infohispania.com\/index.php\/wp-json\/wp\/v2\/media\/366"}],"wp:attachment":[{"href":"https:\/\/ofertalia.infohispania.com\/index.php\/wp-json\/wp\/v2\/media?parent=364"}],"curies":[{"name":"wp","href":"https:\/\/api.w.org\/{rel}","templated":true}]}}